w(m) = 5*m**2 + 22*m - 19. What is w(-9)?
188
Let w(t) = -4*t**3 - 237*t**2 - 64*t - 178. What is w(-59)?
117
Let j(y) = -135*y + 2030. Determine j(15).
5
Let m(g) = g**3 - 51*g**2 - 50*g - 121. Give m(52).
-17
Let k(o) = -o**2 - 875*o - 3472. What is k(-4)?
12
Let h(z) = 3*z + 3. Give h(11).
36
Let a(c) = 12*c - 1034. Give a(91).
58
Let n(z) = 38*z**2 - 47*z + 1. Determine n(1).
-8
Let n(j) = 51*j - 3215. Calculate n(63).
-2
Let l(p) = p**3 + 26*p**2 + 73*p - 102. Give l(-22).
228
Let c(h) = -h + 96. Determine c(-21).
117
Let f(p) = -12*p + 1078. What is f(85)?
58
Let n(m) = -m**3 + 10*m**2 - 28*m + 4. Give n(4).
-12
Let a(p) = -p**3 - 24*p**2 - 34*p + 46. Determine a(-22).
-174
Let b(k) = -5*k**2 - 5*k + 17. What is b(8)?
-343
Let r(v) = 770*v - 15386. Determine r(20).
14
Let m(d) = -3*d**3 - 58*d**2 - 77*d - 206. Calculate m(-18).
-116
Let v(c) = c**3 + 14*c**2 - 62*c + 53. Determine v(-17).
240
Let g(p) = 5*p**2 - 136*p + 263. Calculate g(2).
11
Let o(m) = 343*m + 8582. What is o(-25)?
7
Let m(x) = -x**3 + 36*x**2 - 43*x + 1590. Determine m(36).
42
Let b(f) = -5*f**3 - 33*f**2 - 54*f + 4. Give b(-2).
20
Let p(y) = -120*y + 4177. What is p(34)?
97
Let k(b) = -5*b**3 + 21*b**2 + 21*b - 13. Calculate k(5).
-8
Let d(j) = -18*j**2 + 104*j - 8. Determine d(6).
-32
Let h(x) = -18*x + 2483. Give h(138).
-1
Let i(s) = -475*s - 264. What is i(-1)?
211
Let s(k) = -91*k + 593. Calculate s(5).
138
Let m(s) = -s**2 - 43*s + 317. Determine m(-49).
23
Let j(r) = 115*r + 643. Determine j(-6).
-47
Let f(m) = 8*m**2 - 70*m + 164. What is f(5)?
14
Let c(g) = -7*g**2 - 60*g - 23. Calculate c(-7).
54
Let q(c) = c**2 - 64*c + 318. Determine q(8).
-130
Let m(o) = -o**2 - 478*o - 2818. Determine m(-6).
14
Let f(k) = 37*k - 6262. Calculate f(169).
-9
Let u(i) = -457*i - 11890. Calculate u(-26).
-8
Let a(z) = -18879*z + 37757. What is a(2)?
-1
Let k(t) = -109*t - 425. Calculate k(-10).
665
Let a(s) = 6162*s + 6126. Give a(-1).
-36
Let m(a) = -57*a + 47. Determine m(2).
-67
Let z(g) = 75*g + 100. Calculate z(-1).
25
Let h(z) = -2*z - 87. Give h(-18).
-51
Let k(r) = -37*r**3 - 2*r**2 + 5*r - 4. Determine k(1).
-38
Let g(y) = -y**3 + 13*y**2 - 10*y - 48. What is g(12)?
-24
Let o(l) = -l**3 - 2*l**2 + 8*l - 27. Calculate o(-6).
69
Let o(z) = 8*z**3 - 10*z**2 - 84*z + 95. Calculate o(1).
9
Let l(t) = 28*t - 218. What is l(9)?
34
Let s(z) = -4864*z + 77823. What is s(16)?
-1
Let u(y) = -201*y + 168. Determine u(3).
-435
Let l(r) = 6*r**2 - 112*r - 32. Determine l(19).
6
Let r(w) = -2*w**2 - 39*w - 53. Determine r(-7).
122
Let h(c) = -136*c - 5331. Calculate h(-39).
-27
Let b(u) = 431*u**3 - 4*u**2 - 7*u + 10. What is b(1)?
430
Let r(v) = 33*v**3 + 2*v**2 + 4*v + 2. Give r(-2).
-262
Let h(v) = v**3 - 88*v**2 + 251*v + 356. What is h(85)?
16
Let d(q) = -3*q**2 + 30*q + 124. Determine d(-5).
-101
Let z(m) = -3*m**3 - 15*m**2 + 5*m + 11. Give z(-5).
-14
Let h(g) = -3*g**2 - 4064*g - 8122. Give h(-2).
-6
Let f(b) = -81*b + 515. Determine f(6).
29
Let z(k) = 254*k - 2067. What is z(9)?
219
Let g(n) = 682*n + 19787. Give g(-29).
9
Let k(u) = -2*u**3 + u**2 - 41*u - 44. Calculate k(0).
-44
Let b(x) = 4024*x - 197177. What is b(49)?
-1
Let a(f) = 133*f - 512. Determine a(5).
153
Let d(c) = -384*c**2 - 375*c + 9. Determine d(-1).
0
Let o(h) = -4*h - 952. What is o(-185)?
-212
Let q(h) = 119*h - 787. Give q(6).
-73
Let c(k) = -3*k**2 - 15*k + 40. Determine c(7).
-212
Let l(d) = 9*d**2 - 81*d - 91. Determine l(10).
-1
Let b(l) = 4*l**2 + 53*l - 160. What is b(-15)?
-55
Let i(p) = -3*p**2 + 18*p + 74. Give i(12).
-142
Let b(s) = 17*s - 1208. Give b(70).
-18
Let p(n) = n**2 - 51*n + 645. Determine p(24).
-3
Let u(a) = 5*a**2 + 7*a - 40. Determine u(-6).
98
Let j(f) = f**2 - 105*f - 419. What is j(109)?
17
Let p(c) = 41*c - 49. What is p(1)?
-8
Let g(k) = -4*k**3 + 2*k**2 + 18*k - 32. Calculate g(2).
-20
Let s(k) = -3*k - 442. Determine s(-71).
-229
Let b(u) = 148*u + 1605. Calculate b(-12).
-171
Let x(n) = -1307*n + 60118. What is x(46)?
-4
Let t(l) = -307*l + 9205. Calculate t(30).
-5
Let q(k) = -587*k - 11728. What is q(-20)?
12
Let g(t) = -2*t**2 - 28*t + 44. Determine g(-16).
-20
Let i(n) = -325*n - 13644. Give i(-42).
6
Let t(g) = -316*g + 9468. Give t(30).
-12
Let j(w) = -11*w**3 - 5*w**2 + 92*w - 171. Give j(2).
-95
Let x(g) = -3*g**2 - 185*g - 1391. Calculate x(-53).
-13
Let u(v) = 3*v**2 + 125*v + 20. Determine u(-37).
-498
Let m(z) = 110*z + 679. What is m(-6)?
19
Let w(y) = 8*y**3 + 33*y**2 + 45*y + 176. Determine w(-4).
12
Let c(p) = -14*p - 22. Give c(-20).
258
Let y(x) = 3*x**3 + 48*x**2 + 37*x - 128. What is y(-15)?
-8
Let n(w) = 421*w - 872. What is n(4)?
812
Let c(m) = -28*m**2 - 115*m - 43. Determine c(-4).
-31
Let m(s) = -11*s - 1243. Determine m(-117).
44
Let l(m) = -m**3 + 4*m**2 + 7*m - 26. What is l(3)?
4
Let h(n) = -3*n**3 - 344*n**2 - 230*n - 231. Determine h(-114).
-3
Let w(j) = 2*j**3 - 66*j + 202. What is w(4)?
66
Let t(o) = o**3 + 6*o**2 + 24*o + 83. What is t(-5)?
-12
Let j(b) = -b**3 + b**2 - 16*b + 56. What is j(5)?
-124
Let h(c) = -c**3 - 55*c**2 - 102*c + 42. Give h(-53).
-170
Let m(y) = y**3 + 25*y**2 + 28*y + 93. Calculate m(-24).
-3
Let m(t) = 100*t**2 + 66*t + 137. Calculate m(-2).
405
Let a(l) = -l**3 + 54*l**2 - 727*l - 27. Give a(28).
1
Let s(h) = -h**3 - 50*h**2 - 3*h - 186. What is s(-50)?
-36
Let g(v) = v**2 - 40*v - 4980. Give g(94).
96
Let v(h) = -h**3 - 14*h**2 + 274*h + 3. Give v(11).
-8
Let f(c) = -279*c + 43. What is f(-1)?
322
Let z(j) = 87*j + 780. What is z(-9)?
-3
Let m(g) = -g**3 - 19*g**2 + 18*g - 26. Give m(-20).
14
Let a(t) = 5*t**2 - 55*t + 44. Calculate a(10).
-6
Let r(f) = -197*f**2 - 1187*f - 20. Give r(-6).
10
Let i(z) = -15*z + 49. Determine i(0).
49
Let f(m) = m**2 + 74*m - 505. Give f(-80).
-25
Let k(b) = b**2 - 46*b + 689. Give k(19).
176
Let c(l) = 5*l**2 - 9*l + 17. What is c(5)?
97
Let j(u) = 7*u**2 + 69*u - 102. What is j(-9)?
-156
Let o(h) = -6*h**2 - 279*h + 1382. Give o(5).
-163
Let q(p) = -p**3 + 37*p**2 + 725*p + 157. Give q(-14).
3
Let b(r) = 2*r**3 + 46*r**2 + 13*r - 12. Determine b(-23).
-311
Let j(i) = 2*i**3 - 2*i**2 + 8*i + 20. Determine j(-4).
-172
Let y(s) = -31*s + 2683. Give y(87).
-14
Let f(d) = -d**3 - 8*d**2 - 12*d - 14. Calculate f(-5).
-29
Let y(l) = l**3 - 33*l**2 - 111*l + 5372. Give y(31).
9
Let f(z) = -48*z**3 - 7*z**2 + 2*z + 1. What is f(-1)?
40
Let z(a) = a**3 + 97*a**2 + 57*a + 5507. What is z(-97)?
-22
Let z(i) = i**2 + 191*i + 2587. Determine z(-15).
-53
Let v(y) = 3*y**3 - 38*y**2 + 4*y + 28. Give v(9).
-827
Let f(p) = -18*p - 472. Determine f(-24).
-40
Let m(y) = 118*y + 416. What is m(-3)?
62
Let s(g) = -g**3 + 25*g**2 - 96*g - 99. Determine s(20).
-19
Let j(q) = q**3 + 15*q**2 + 10*q + 29. Calculate j(-15).
-121
Let c(x) = x**3 + 5*x**2 + 12*x + 34. Determine c(-5).
-26
Let z(f) = 55*f - 2820. Give z(50).
-70
Let r(v) = -498*v - 28877. Determine r(-58).
7
Let v(k) = -118*k + 436. Determine v(4).
-36
Let n(u) = 300*u - 24290. What is n(81)?
10
Let l(q) = q**3 + 64*q**2 - 3*q - 219. Determine l(-64).
-27
Let o(j) = -2*j**3 - 163*j**2 + 82*j + 89. Give o(-82).
89
Let m(u) = -2*u**3 - 480*u**2 - 507*u - 6939. What is m(-239)?
-8
Let j(f) = 3794*f + 3793. What is j(-1)?
-1
Let y(b) = b**3 + 104*b**2 - 184*b + 2953. What is y(-106)?
-15
Let m(z) = -28*z + 4427. What is m(158)?
3
Let t(c) = -33*c**3 + 794*c**2 - 47*c - 17. Calculate t(24).
7
Let k(c) = -23*c**2 + 115*c - 119. What is k(2)?
19
Let c(s) = 203*s + 18861. Determine c(-93).
-18
Let j(m) = -29*m**2 - 78*m + 48. Give j(-3).
21
Let m(t) = 9*t**3 + 3*t**2 + 2*t + 6. Calculate m(-3).
-216
Let u(h) = -2*h**2 + 113*h + 15615. What is u(121)?
6
Let x(b) = 4*b**3 + 58*b**2 + 22*b - 103. What is x(-14)?
-19
Let l(g) = -104*g + 852. Determine l(8).
20
Let l(x) = 122*x**2 + 859*x + 15. Determine l(-7).
-20
Let z(f) = 5609*f + 11220. Calculate z(-2).
2
Let z(y) = y**3 + 166*y**2 - 367*y - 5128. What is z(-168)?
80
Let p(u) = 4*u**2 - 4*u - 72. Calculate p(5).
8
Let u(m) = m**3 + m**2 + 4*m - 5. Calculate u(4).
91
Let c(z) = -z**3 + 200*z**2 + 17224*z + 261. Calculate c(265).
-4
Let x(h) = 271*h - 12190. Give x(45).
5
Let r(b) = 3*b**2 - 474*b - 1917. Give r(-4).
27
Let p(t) = -254*t - 1019. Calculate p(-4).
-3
Let q(c) = c**3 - 21*c**2